{"id":311,"date":"2026-07-23T17:44:32","date_gmt":"2026-07-23T17:44:32","guid":{"rendered":"https:\/\/praden.amarenyo.ch\/?page_id=311"},"modified":"2026-07-23T23:29:51","modified_gmt":"2026-07-23T23:29:51","slug":"landwirtschaft","status":"publish","type":"page","link":"https:\/\/kraeuterhaus-praden.ch\/?page_id=311","title":{"rendered":"Kr\u00e4uterhaus Praden"},"content":{"rendered":"\n<h3 class=\"wp-block-heading\">Geschichte<\/h3>\n\n\n\n<p class=\"wp-block-paragraph\">Das Kr\u00e4uterhaus, als urspr\u00fcnglich landwirtschaftlicher Betrieb erbaut, wurde 1946 von Alfred Tobler zur kr\u00e4uterverarbeitenden Manufaktur umstrukturiert und ist seither als Kr\u00e4uterhaus bekannt. Die damalige Infrastruktur zur Kr\u00e4uterverarbeitung ist fast vollst\u00e4ndig erhalten und wird nach wie vor genutzt, wodurch das Kr\u00e4uterhaus einen gewissen Museumscharakter erh\u00e4lt.<\/p>\n\n\n\n<figure class=\"wp-block-gallery has-nested-images columns-default is-cropped wp-block-gallery-1 is-layout-flex wp-block-gallery-is-layout-flex\">\n<figure class=\"wp-block-image size-large\"><img loading=\"lazy\" decoding=\"async\" width=\"768\" height=\"1024\" data-id=\"529\" src=\"https:\/\/praden.amarenyo.ch\/wp-content\/uploads\/2026\/07\/20230707_063056-768x1024.jpg\" alt=\"\" class=\"wp-image-529\" srcset=\"https:\/\/kraeuterhaus-praden.ch\/wp-content\/uploads\/2026\/07\/20230707_063056-768x1024.jpg 768w, https:\/\/kraeuterhaus-praden.ch\/wp-content\/uploads\/2026\/07\/20230707_063056-225x300.jpg 225w, https:\/\/kraeuterhaus-praden.ch\/wp-content\/uploads\/2026\/07\/20230707_063056-1152x1536.jpg 1152w, https:\/\/kraeuterhaus-praden.ch\/wp-content\/uploads\/2026\/07\/20230707_063056-1536x2048.jpg 1536w, https:\/\/kraeuterhaus-praden.ch\/wp-content\/uploads\/2026\/07\/20230707_063056-600x800.jpg 600w, https:\/\/kraeuterhaus-praden.ch\/wp-content\/uploads\/2026\/07\/20230707_063056-scaled.jpg 1920w\" sizes=\"auto, (max-width: 768px) 100vw, 768px\" \/><\/figure>\n\n\n\n<figure class=\"wp-block-image size-large\"><img loading=\"lazy\" decoding=\"async\" width=\"768\" height=\"1024\" data-id=\"533\" src=\"https:\/\/praden.amarenyo.ch\/wp-content\/uploads\/2026\/07\/20250601_180706-768x1024.jpg\" alt=\"\" class=\"wp-image-533\" srcset=\"https:\/\/kraeuterhaus-praden.ch\/wp-content\/uploads\/2026\/07\/20250601_180706-768x1024.jpg 768w, https:\/\/kraeuterhaus-praden.ch\/wp-content\/uploads\/2026\/07\/20250601_180706-225x300.jpg 225w, https:\/\/kraeuterhaus-praden.ch\/wp-content\/uploads\/2026\/07\/20250601_180706-1152x1536.jpg 1152w, https:\/\/kraeuterhaus-praden.ch\/wp-content\/uploads\/2026\/07\/20250601_180706-1536x2048.jpg 1536w, https:\/\/kraeuterhaus-praden.ch\/wp-content\/uploads\/2026\/07\/20250601_180706-600x800.jpg 600w, https:\/\/kraeuterhaus-praden.ch\/wp-content\/uploads\/2026\/07\/20250601_180706-scaled.jpg 1920w\" sizes=\"auto, (max-width: 768px) 100vw, 768px\" \/><\/figure>\n\n\n\n<figure class=\"wp-block-image size-large\"><img loading=\"lazy\" decoding=\"async\" width=\"1024\" height=\"768\" data-id=\"527\" src=\"https:\/\/praden.amarenyo.ch\/wp-content\/uploads\/2026\/07\/20230707_062930-1024x768.jpg\" alt=\"\" class=\"wp-image-527\" srcset=\"https:\/\/kraeuterhaus-praden.ch\/wp-content\/uploads\/2026\/07\/20230707_062930-1024x768.jpg 1024w, https:\/\/kraeuterhaus-praden.ch\/wp-content\/uploads\/2026\/07\/20230707_062930-300x225.jpg 300w, https:\/\/kraeuterhaus-praden.ch\/wp-content\/uploads\/2026\/07\/20230707_062930-768x576.jpg 768w, https:\/\/kraeuterhaus-praden.ch\/wp-content\/uploads\/2026\/07\/20230707_062930-1536x1152.jpg 1536w, https:\/\/kraeuterhaus-praden.ch\/wp-content\/uploads\/2026\/07\/20230707_062930-2048x1536.jpg 2048w, https:\/\/kraeuterhaus-praden.ch\/wp-content\/uploads\/2026\/07\/20230707_062930-600x450.jpg 600w\" sizes=\"auto, (max-width: 1024px) 100vw, 1024px\" \/><\/figure>\n<\/figure>\n\n\n\n<h3 class=\"wp-block-heading\">Produkte und Vermarktung<\/h3>\n\n\n\n<p class=\"wp-block-paragraph\">Die Produkte werden am Wochenmarkt in Chur und in verschiedenen kleinen Gesch\u00e4ften verkauft. Zu den Frischprodukten z\u00e4hlen Erdbeeren, Himbeeren und Johannisbeeren. Kr\u00e4uterprodukte sind Tees, Salben, Gew\u00fcrze u.v.m. Komm an den Wochenmarkt in Chur und lass dich inspirieren.<\/p>\n\n\n\n<h3 class=\"wp-block-heading\">Gabriel<\/h3>\n\n\n\n<div class=\"wp-block-media-text is-stacked-on-mobile\"><figure class=\"wp-block-media-text__media\"><img loading=\"lazy\" decoding=\"async\" width=\"1024\" height=\"682\" src=\"https:\/\/praden.amarenyo.ch\/wp-content\/uploads\/2026\/07\/WhatsApp-Image-2026-07-24-at-00.18.42-1024x682.jpeg\" alt=\"\" class=\"wp-image-494 size-full\" srcset=\"https:\/\/kraeuterhaus-praden.ch\/wp-content\/uploads\/2026\/07\/WhatsApp-Image-2026-07-24-at-00.18.42-1024x682.jpeg 1024w, https:\/\/kraeuterhaus-praden.ch\/wp-content\/uploads\/2026\/07\/WhatsApp-Image-2026-07-24-at-00.18.42-300x200.jpeg 300w, https:\/\/kraeuterhaus-praden.ch\/wp-content\/uploads\/2026\/07\/WhatsApp-Image-2026-07-24-at-00.18.42-768x512.jpeg 768w, https:\/\/kraeuterhaus-praden.ch\/wp-content\/uploads\/2026\/07\/WhatsApp-Image-2026-07-24-at-00.18.42-1536x1023.jpeg 1536w, https:\/\/kraeuterhaus-praden.ch\/wp-content\/uploads\/2026\/07\/WhatsApp-Image-2026-07-24-at-00.18.42-360x240.jpeg 360w, https:\/\/kraeuterhaus-praden.ch\/wp-content\/uploads\/2026\/07\/WhatsApp-Image-2026-07-24-at-00.18.42-600x400.jpeg 600w, https:\/\/kraeuterhaus-praden.ch\/wp-content\/uploads\/2026\/07\/WhatsApp-Image-2026-07-24-at-00.18.42.jpeg 1600w\" sizes=\"auto, (max-width: 1024px) 100vw, 1024px\" \/><\/figure><div class=\"wp-block-media-text__content\">\n<p class=\"wp-block-paragraph\">Gabriel ist Betriebsleiter und das Herz unseres Gartens. Seine grosse Leidenschaft gilt dem Gem\u00fcseanbau \u2013 besonders den Nachtschattengew\u00e4chsen wie Tomaten, Auberginen und Peperoni. Mit viel Geduld, Erfahrung und einem sprichw\u00f6rtlichen gr\u00fcnen Daumen bringt er selbst Pflanzen zum Gedeihen, bei denen andere l\u00e4ngst aufgegeben h\u00e4tten. Man sagt sogar, dass bei ihm gelegentlich Holzpf\u00e4hle wieder austreiben. Als Geologe liegt ihm der achtsame Umgang mit Boden und Wasser besonders am Herzen. <\/p>\n\n\n\n<p class=\"wp-block-paragraph\">Seine zweite Leidenschaft geh\u00f6rt den Bergen. Ob beim Klettern, Wandern oder auf alpinen Touren \u2013 dort findet er dieselbe Ruhe und Verbundenheit, die auch unseren Hof pr\u00e4gen. Mit Sorgfalt, Gelassenheit und Respekt tr\u00e4gt Gabriel dazu bei, dass dieser Ort im Einklang mit der Natur wachsen kann.<\/p>\n<\/div><\/div>\n\n\n\n<h3 class=\"wp-block-heading\">Fabienne<\/h3>\n\n\n\n<div class=\"wp-block-media-text is-stacked-on-mobile\"><figure class=\"wp-block-media-text__media\"><img loading=\"lazy\" decoding=\"async\" width=\"1024\" height=\"1024\" src=\"https:\/\/praden.amarenyo.ch\/wp-content\/uploads\/2026\/07\/GX010273_1784848344301-1024x1024.jpg\" alt=\"\" class=\"wp-image-539 size-full\" srcset=\"https:\/\/kraeuterhaus-praden.ch\/wp-content\/uploads\/2026\/07\/GX010273_1784848344301-1024x1024.jpg 1024w, https:\/\/kraeuterhaus-praden.ch\/wp-content\/uploads\/2026\/07\/GX010273_1784848344301-300x300.jpg 300w, https:\/\/kraeuterhaus-praden.ch\/wp-content\/uploads\/2026\/07\/GX010273_1784848344301-150x150.jpg 150w, https:\/\/kraeuterhaus-praden.ch\/wp-content\/uploads\/2026\/07\/GX010273_1784848344301-768x768.jpg 768w, https:\/\/kraeuterhaus-praden.ch\/wp-content\/uploads\/2026\/07\/GX010273_1784848344301-600x600.jpg 600w, https:\/\/kraeuterhaus-praden.ch\/wp-content\/uploads\/2026\/07\/GX010273_1784848344301-160x160.jpg 160w, https:\/\/kraeuterhaus-praden.ch\/wp-content\/uploads\/2026\/07\/GX010273_1784848344301.jpg 1080w\" sizes=\"auto, (max-width: 1024px) 100vw, 1024px\" \/><\/figure><div class=\"wp-block-media-text__content\">\n<p class=\"wp-block-paragraph\">Fabienne ist in Praden aufgewachsen und von klein auf mit den Bergen, den Tieren und dem Leben auf der Alp verbunden. Diese Verbundenheit pr\u00e4gt ihren Blick auf die Natur bis heute. Als Primarlehrerin, Phytotherapeutin und angehende Tierheilpraktikerin verbindet sie Wissen mit Neugier und der Freude, Menschen und Tiere zu begleiten. Ihr liegt das Miteinander besonders am Herzen \u2013 zwischen Mensch und Tier, aber auch zwischen Mensch und Natur.<\/p>\n\n\n\n<p class=\"wp-block-paragraph\">Am liebsten ist sie draussen unterwegs: beim Sammeln von Wildkr\u00e4utern, auf der Alp, mit dem Pferd, auf dem Splitboard oder beim Klettern. In den Bergen findet sie Ruhe, Inspiration und die Pflanzen, aus denen ihre Teemischungen entstehen.<\/p>\n\n\n\n<p class=\"wp-block-paragraph\">Fabienne m\u00f6chte einen Ort schaffen, an dem Begegnung, Verbundenheit und Achtsamkeit wachsen d\u00fcrfen \u2013 f\u00fcr Menschen, Tiere und die Natur gleicherma\u00dfen.<\/p>\n<\/div><\/div>\n","protected":false},"excerpt":{"rendered":"<p>Geschichte Das Kr\u00e4uterhaus, als urspr\u00fcnglich landwirtschaftlicher Betrieb erbaut, wurde 1946 von Alfred Tobler zur kr\u00e4uterverarbeitenden Manufaktur umstrukturiert und ist seither als Kr\u00e4uterhaus bekannt. Die damalige Infrastruktur zur Kr\u00e4uterverarbeitung ist fast vollst\u00e4ndig erhalten und wird nach wie vor genutzt, wodurch das Kr\u00e4uterhaus einen gewissen Museumscharakter erh\u00e4lt. Produkte und Vermarktung Die Produkte [&hellip;]<\/p>\n","protected":false},"author":2,"featured_media":0,"parent":0,"menu_order":0,"comment_status":"closed","ping_status":"closed","template":"","meta":{"footnotes":""},"class_list":["post-311","page","type-page","status-publish","hentry"],"_links":{"self":[{"href":"https:\/\/kraeuterhaus-praden.ch\/index.php?rest_route=\/wp\/v2\/pages\/311","targetHints":{"allow":["GET"]}}],"collection":[{"href":"https:\/\/kraeuterhaus-praden.ch\/index.php?rest_route=\/wp\/v2\/pages"}],"about":[{"href":"https:\/\/kraeuterhaus-praden.ch\/index.php?rest_route=\/wp\/v2\/types\/page"}],"author":[{"embeddable":true,"href":"https:\/\/kraeuterhaus-praden.ch\/index.php?rest_route=\/wp\/v2\/users\/2"}],"replies":[{"embeddable":true,"href":"https:\/\/kraeuterhaus-praden.ch\/index.php?rest_route=%2Fwp%2Fv2%2Fcomments&post=311"}],"version-history":[{"count":14,"href":"https:\/\/kraeuterhaus-praden.ch\/index.php?rest_route=\/wp\/v2\/pages\/311\/revisions"}],"predecessor-version":[{"id":544,"href":"https:\/\/kraeuterhaus-praden.ch\/index.php?rest_route=\/wp\/v2\/pages\/311\/revisions\/544"}],"wp:attachment":[{"href":"https:\/\/kraeuterhaus-praden.ch\/index.php?rest_route=%2Fwp%2Fv2%2Fmedia&parent=311"}],"curies":[{"name":"wp","href":"https:\/\/api.w.org\/{rel}","templated":true}]}}

Kräuterhaus Praden

<h3 class="wp-block-heading">Geschichte</h3>



<p class="wp-block-paragraph">Das Kräuterhaus, als ursprünglich landwirtschaftlicher Betrieb erbaut, wurde 1946 von Alfred Tobler zur kräuterverarbeitenden Manufaktur umstrukturiert und ist seither als Kräuterhaus bekannt. Die damalige Infrastruktur zur Kräuterverarbeitung ist fast vollständig erhalten und wird nach wie vor genutzt, wodurch das Kräuterhaus einen gewissen Museumscharakter erhält.</p>



<figure class="wp-block-gallery has-nested-images columns-default is-cropped wp-block-gallery-1 is-layout-flex wp-block-gallery-is-layout-flex">
<figure class="wp-block-image size-large"><img loading="lazy" decoding="async" width="768" height="1024" data-id="529" src="https://praden.amarenyo.ch/wp-content/uploads/2026/07/20230707_063056-768x1024.jpg" alt="" class="wp-image-529" srcset="https://kraeuterhaus-praden.ch/wp-content/uploads/2026/07/20230707_063056-768x1024.jpg 768w, https://kraeuterhaus-praden.ch/wp-content/uploads/2026/07/20230707_063056-225x300.jpg 225w, https://kraeuterhaus-praden.ch/wp-content/uploads/2026/07/20230707_063056-1152x1536.jpg 1152w, https://kraeuterhaus-praden.ch/wp-content/uploads/2026/07/20230707_063056-1536x2048.jpg 1536w, https://kraeuterhaus-praden.ch/wp-content/uploads/2026/07/20230707_063056-600x800.jpg 600w, https://kraeuterhaus-praden.ch/wp-content/uploads/2026/07/20230707_063056-scaled.jpg 1920w" sizes="auto, (max-width: 768px) 100vw, 768px" /></figure>



<figure class="wp-block-image size-large"><img loading="lazy" decoding="async" width="768" height="1024" data-id="533" src="https://praden.amarenyo.ch/wp-content/uploads/2026/07/20250601_180706-768x1024.jpg" alt="" class="wp-image-533" srcset="https://kraeuterhaus-praden.ch/wp-content/uploads/2026/07/20250601_180706-768x1024.jpg 768w, https://kraeuterhaus-praden.ch/wp-content/uploads/2026/07/20250601_180706-225x300.jpg 225w, https://kraeuterhaus-praden.ch/wp-content/uploads/2026/07/20250601_180706-1152x1536.jpg 1152w, https://kraeuterhaus-praden.ch/wp-content/uploads/2026/07/20250601_180706-1536x2048.jpg 1536w, https://kraeuterhaus-praden.ch/wp-content/uploads/2026/07/20250601_180706-600x800.jpg 600w, https://kraeuterhaus-praden.ch/wp-content/uploads/2026/07/20250601_180706-scaled.jpg 1920w" sizes="auto, (max-width: 768px) 100vw, 768px" /></figure>



<figure class="wp-block-image size-large"><img loading="lazy" decoding="async" width="1024" height="768" data-id="527" src="https://praden.amarenyo.ch/wp-content/uploads/2026/07/20230707_062930-1024x768.jpg" alt="" class="wp-image-527" srcset="https://kraeuterhaus-praden.ch/wp-content/uploads/2026/07/20230707_062930-1024x768.jpg 1024w, https://kraeuterhaus-praden.ch/wp-content/uploads/2026/07/20230707_062930-300x225.jpg 300w, https://kraeuterhaus-praden.ch/wp-content/uploads/2026/07/20230707_062930-768x576.jpg 768w, https://kraeuterhaus-praden.ch/wp-content/uploads/2026/07/20230707_062930-1536x1152.jpg 1536w, https://kraeuterhaus-praden.ch/wp-content/uploads/2026/07/20230707_062930-2048x1536.jpg 2048w, https://kraeuterhaus-praden.ch/wp-content/uploads/2026/07/20230707_062930-600x450.jpg 600w" sizes="auto, (max-width: 1024px) 100vw, 1024px" /></figure>
</figure>



<h3 class="wp-block-heading">Produkte und Vermarktung</h3>



<p class="wp-block-paragraph">Die Produkte werden am Wochenmarkt in Chur und in verschiedenen kleinen Geschäften verkauft. Zu den Frischprodukten zählen Erdbeeren, Himbeeren und Johannisbeeren. Kräuterprodukte sind Tees, Salben, Gewürze u.v.m. Komm an den Wochenmarkt in Chur und lass dich inspirieren.</p>



<h3 class="wp-block-heading">Gabriel</h3>



<div class="wp-block-media-text is-stacked-on-mobile"><figure class="wp-block-media-text__media"><img loading="lazy" decoding="async" width="1024" height="682" src="https://praden.amarenyo.ch/wp-content/uploads/2026/07/WhatsApp-Image-2026-07-24-at-00.18.42-1024x682.jpeg" alt="" class="wp-image-494 size-full" srcset="https://kraeuterhaus-praden.ch/wp-content/uploads/2026/07/WhatsApp-Image-2026-07-24-at-00.18.42-1024x682.jpeg 1024w, https://kraeuterhaus-praden.ch/wp-content/uploads/2026/07/WhatsApp-Image-2026-07-24-at-00.18.42-300x200.jpeg 300w, https://kraeuterhaus-praden.ch/wp-content/uploads/2026/07/WhatsApp-Image-2026-07-24-at-00.18.42-768x512.jpeg 768w, https://kraeuterhaus-praden.ch/wp-content/uploads/2026/07/WhatsApp-Image-2026-07-24-at-00.18.42-1536x1023.jpeg 1536w, https://kraeuterhaus-praden.ch/wp-content/uploads/2026/07/WhatsApp-Image-2026-07-24-at-00.18.42-360x240.jpeg 360w, https://kraeuterhaus-praden.ch/wp-content/uploads/2026/07/WhatsApp-Image-2026-07-24-at-00.18.42-600x400.jpeg 600w, https://kraeuterhaus-praden.ch/wp-content/uploads/2026/07/WhatsApp-Image-2026-07-24-at-00.18.42.jpeg 1600w" sizes="auto, (max-width: 1024px) 100vw, 1024px" /></figure><div class="wp-block-media-text__content">
<p class="wp-block-paragraph">Gabriel ist Betriebsleiter und das Herz unseres Gartens. Seine grosse Leidenschaft gilt dem Gemüseanbau – besonders den Nachtschattengewächsen wie Tomaten, Auberginen und Peperoni. Mit viel Geduld, Erfahrung und einem sprichwörtlichen grünen Daumen bringt er selbst Pflanzen zum Gedeihen, bei denen andere längst aufgegeben hätten. Man sagt sogar, dass bei ihm gelegentlich Holzpfähle wieder austreiben. Als Geologe liegt ihm der achtsame Umgang mit Boden und Wasser besonders am Herzen. </p>



<p class="wp-block-paragraph">Seine zweite Leidenschaft gehört den Bergen. Ob beim Klettern, Wandern oder auf alpinen Touren – dort findet er dieselbe Ruhe und Verbundenheit, die auch unseren Hof prägen. Mit Sorgfalt, Gelassenheit und Respekt trägt Gabriel dazu bei, dass dieser Ort im Einklang mit der Natur wachsen kann.</p>
</div></div>



<h3 class="wp-block-heading">Fabienne</h3>



<div class="wp-block-media-text is-stacked-on-mobile"><figure class="wp-block-media-text__media"><img loading="lazy" decoding="async" width="1024" height="1024" src="https://praden.amarenyo.ch/wp-content/uploads/2026/07/GX010273_1784848344301-1024x1024.jpg" alt="" class="wp-image-539 size-full" srcset="https://kraeuterhaus-praden.ch/wp-content/uploads/2026/07/GX010273_1784848344301-1024x1024.jpg 1024w, https://kraeuterhaus-praden.ch/wp-content/uploads/2026/07/GX010273_1784848344301-300x300.jpg 300w, https://kraeuterhaus-praden.ch/wp-content/uploads/2026/07/GX010273_1784848344301-150x150.jpg 150w, https://kraeuterhaus-praden.ch/wp-content/uploads/2026/07/GX010273_1784848344301-768x768.jpg 768w, https://kraeuterhaus-praden.ch/wp-content/uploads/2026/07/GX010273_1784848344301-600x600.jpg 600w, https://kraeuterhaus-praden.ch/wp-content/uploads/2026/07/GX010273_1784848344301-160x160.jpg 160w, https://kraeuterhaus-praden.ch/wp-content/uploads/2026/07/GX010273_1784848344301.jpg 1080w" sizes="auto, (max-width: 1024px) 100vw, 1024px" /></figure><div class="wp-block-media-text__content">
<p class="wp-block-paragraph">Fabienne ist in Praden aufgewachsen und von klein auf mit den Bergen, den Tieren und dem Leben auf der Alp verbunden. Diese Verbundenheit prägt ihren Blick auf die Natur bis heute. Als Primarlehrerin, Phytotherapeutin und angehende Tierheilpraktikerin verbindet sie Wissen mit Neugier und der Freude, Menschen und Tiere zu begleiten. Ihr liegt das Miteinander besonders am Herzen – zwischen Mensch und Tier, aber auch zwischen Mensch und Natur.</p>



<p class="wp-block-paragraph">Am liebsten ist sie draussen unterwegs: beim Sammeln von Wildkräutern, auf der Alp, mit dem Pferd, auf dem Splitboard oder beim Klettern. In den Bergen findet sie Ruhe, Inspiration und die Pflanzen, aus denen ihre Teemischungen entstehen.</p>



<p class="wp-block-paragraph">Fabienne möchte einen Ort schaffen, an dem Begegnung, Verbundenheit und Achtsamkeit wachsen dürfen – für Menschen, Tiere und die Natur gleichermaßen.</p>
</div></div>

<p>Geschichte Das Kräuterhaus, als ursprünglich landwirtschaftlicher Betrieb erbaut, wurde 1946 von Alfred Tobler zur kräuterverarbeitenden Manufaktur umstrukturiert und ist seither als Kräuterhaus bekannt. Die damalige Infrastruktur zur Kräuterverarbeitung ist fast vollständig erhalten und wird nach wie vor genutzt, wodurch das Kräuterhaus einen gewissen Museumscharakter erhält. Produkte und Vermarktung Die Produkte [&hellip;]</p>
