{"id":573,"date":"2026-07-24T08:17:20","date_gmt":"2026-07-24T08:17:20","guid":{"rendered":"https:\/\/praden.amarenyo.ch\/?post_type=product&#038;p=573"},"modified":"2026-07-24T08:42:29","modified_gmt":"2026-07-24T08:42:29","slug":"naturapotheke-fuer-hirten-8-mai-2027-arosa","status":"publish","type":"product","link":"https:\/\/kraeuterhaus-praden.ch\/?product=naturapotheke-fuer-hirten-8-mai-2027-arosa","title":{"rendered":"Naturapotheke f\u00fcr Hirten 8. Mai 2027 &#8211; Arosa"},"content":{"rendered":"<p><strong>Samstag, 8. Mai 2027 | 9.30\u201316.00 Uhr<\/strong><\/p>\n<p>Welche Heilpflanzen geh\u00f6ren in eine Alpapotheke? Welche Inhaltsstoffe machen sie so wertvoll? Und wie k\u00f6nnen sie Mensch und Tier im Alltag unterst\u00fctzen? Kurstag mit Phytotherapeutin und angehender Tierheilpraktikerin Fabienne Fuhrmann<\/p>\n<p>In diesem Kurs stellen wir die wichtigsten Alpenkr\u00e4uter und ihre Inhaltsstoffe vor und zeigen, wie sie traditionell und naturheilkundlich eingesetzt werden k\u00f6nnen. Gemeinsam besprechen wir, was in eine gut ausgestattete Alpapotheke geh\u00f6rt und demonstrieren bew\u00e4hrte Anwendungen an Schafen. Viele dieser Verfahren lassen sich auch auf den Menschen \u00fcbertragen und werden gemeinsam praktisch ge\u00fcbt.<\/p>\n<p>Ein wichtiger Teil des Tages ist der gegenseitige Austausch. Bringt eure eigenen Hausmittel, Erfahrungen und Tipps mit \u2013 gemeinsam k\u00f6nnen wir wertvolles Wissen bewahren und weitergeben.<\/p>\n<p>Zur Mittagszeit geniessen wir ein gemeinsames Essen vom Feuer. Das Mittagessen ist im Kurs inbegriffen.<\/p>\n<h4>Das Wichtigste auf einen Blick<\/h4>\n<ul>\n<li><strong>Datum:<\/strong> Samstag, 8. Mai 2027<\/li>\n<li><strong>Zeit:<\/strong> 9.30\u201316.00 Uhr<\/li>\n<li><strong>Besammlung:<\/strong> Iselparkplatz, Arosa<\/li>\n<\/ul>\n<h4>Inhalte<\/h4>\n<ul>\n<li>Die wichtigsten Alpenkr\u00e4uter und ihre Inhaltsstoffe<\/li>\n<li>Aufbau einer praktischen Alpapotheke<\/li>\n<li>Naturheilkundliche Anwendungen bei Schafen<\/li>\n<li>Praktische \u00dcbungen am Menschen<\/li>\n<li>Austausch \u00fcber Hausmittel und Erfahrungen<\/li>\n<\/ul>\n<h4>Bitte mitbringen<\/h4>\n<ul>\n<li>Dem Wetter angepasste Kleidung<\/li>\n<li>Eigene Hausmittel (falls vorhanden)<\/li>\n<li>Notizpapier<\/li>\n<\/ul>\n<p>Ein Kurstag f\u00fcr alle, die naturheilkundliches Wissen vertiefen und die traditionelle Alpkultur lebendig halten m\u00f6chten.<\/p>\n","protected":false},"excerpt":{"rendered":"<p>Ein Tag im Zeichen der Heilpflanzen, der Tiere und der Weisheit der Berge.<\/p>\n","protected":false},"featured_media":503,"comment_status":"open","ping_status":"closed","template":"","meta":[],"product_brand":[],"product_cat":[18],"product_tag":[],"class_list":["post-573","product","type-product","status-publish","has-post-thumbnail","product_cat-bildungsangebot","first","instock","shipping-taxable","purchasable","product-type-simple"],"_links":{"self":[{"href":"https:\/\/kraeuterhaus-praden.ch\/index.php?rest_route=\/wp\/v2\/product\/573","targetHints":{"allow":["GET"]}}],"collection":[{"href":"https:\/\/kraeuterhaus-praden.ch\/index.php?rest_route=\/wp\/v2\/product"}],"about":[{"href":"https:\/\/kraeuterhaus-praden.ch\/index.php?rest_route=\/wp\/v2\/types\/product"}],"replies":[{"embeddable":true,"href":"https:\/\/kraeuterhaus-praden.ch\/index.php?rest_route=%2Fwp%2Fv2%2Fcomments&post=573"}],"wp:featuredmedia":[{"embeddable":true,"href":"https:\/\/kraeuterhaus-praden.ch\/index.php?rest_route=\/wp\/v2\/media\/503"}],"wp:attachment":[{"href":"https:\/\/kraeuterhaus-praden.ch\/index.php?rest_route=%2Fwp%2Fv2%2Fmedia&parent=573"}],"wp:term":[{"taxonomy":"product_brand","embeddable":true,"href":"https:\/\/kraeuterhaus-praden.ch\/index.php?rest_route=%2Fwp%2Fv2%2Fproduct_brand&post=573"},{"taxonomy":"product_cat","embeddable":true,"href":"https:\/\/kraeuterhaus-praden.ch\/index.php?rest_route=%2Fwp%2Fv2%2Fproduct_cat&post=573"},{"taxonomy":"product_tag","embeddable":true,"href":"https:\/\/kraeuterhaus-praden.ch\/index.php?rest_route=%2Fwp%2Fv2%2Fproduct_tag&post=573"}],"curies":[{"name":"wp","href":"https:\/\/api.w.org\/{rel}","templated":true}]}}

Naturapotheke für Hirten 8. Mai 2027 &#8211; Arosa

<p><strong>Samstag, 8. Mai 2027 | 9.30–16.00 Uhr</strong></p>
<p>Welche Heilpflanzen gehören in eine Alpapotheke? Welche Inhaltsstoffe machen sie so wertvoll? Und wie können sie Mensch und Tier im Alltag unterstützen? Kurstag mit Phytotherapeutin und angehender Tierheilpraktikerin Fabienne Fuhrmann</p>
<p>In diesem Kurs stellen wir die wichtigsten Alpenkräuter und ihre Inhaltsstoffe vor und zeigen, wie sie traditionell und naturheilkundlich eingesetzt werden können. Gemeinsam besprechen wir, was in eine gut ausgestattete Alpapotheke gehört und demonstrieren bewährte Anwendungen an Schafen. Viele dieser Verfahren lassen sich auch auf den Menschen übertragen und werden gemeinsam praktisch geübt.</p>
<p>Ein wichtiger Teil des Tages ist der gegenseitige Austausch. Bringt eure eigenen Hausmittel, Erfahrungen und Tipps mit – gemeinsam können wir wertvolles Wissen bewahren und weitergeben.</p>
<p>Zur Mittagszeit geniessen wir ein gemeinsames Essen vom Feuer. Das Mittagessen ist im Kurs inbegriffen.</p>
<h4>Das Wichtigste auf einen Blick</h4>
<ul>
<li><strong>Datum:</strong> Samstag, 8. Mai 2027</li>
<li><strong>Zeit:</strong> 9.30–16.00 Uhr</li>
<li><strong>Besammlung:</strong> Iselparkplatz, Arosa</li>
</ul>
<h4>Inhalte</h4>
<ul>
<li>Die wichtigsten Alpenkräuter und ihre Inhaltsstoffe</li>
<li>Aufbau einer praktischen Alpapotheke</li>
<li>Naturheilkundliche Anwendungen bei Schafen</li>
<li>Praktische Übungen am Menschen</li>
<li>Austausch über Hausmittel und Erfahrungen</li>
</ul>
<h4>Bitte mitbringen</h4>
<ul>
<li>Dem Wetter angepasste Kleidung</li>
<li>Eigene Hausmittel (falls vorhanden)</li>
<li>Notizpapier</li>
</ul>
<p>Ein Kurstag für alle, die naturheilkundliches Wissen vertiefen und die traditionelle Alpkultur lebendig halten möchten.</p>
